= -42 - -56. Let d be (-30)/(-21) - 1 - (-10634)/r. Suppose -12*m + 7*m = -d. List the prime factors of m.
2, 19
Let r be (7 - 9)*-1 - (-1966)/(-2). Let j = -563 - r. List the prime factors of j.
2, 11, 19
Suppose 15*x - 12*x = -d + 6, 0 = -2*d - 3*x. What are the prime factors of (d - (-16)/4) + 134?
2, 3, 11
Let u be 38/(-3)*71862/(-116). Suppose 17*z - u = -2*z. List the prime factors of z.
7, 59
Suppose 15*a - 1472 = 11*a. List the prime factors of (a - 0)/(80/200).
2, 5, 23
Let g(c) = -2*c**3 - 4*c**2 - 1. Let l be g(-3). Suppose 3*s - 1 = l. What are the prime factors of 2/s + (-566)/(-3)?
3, 7
Let y = -419 - -404. List the prime factors of (-208)/10*15/10*y.
2, 3, 13
Suppose 12*w - 18*w = 96. Let b = w - -68. Suppose 57 + b = 2*d - c, -5*d - 2*c = -295. List the prime factors of d.
3, 19
Suppose -11 = -2*a - 5. Suppose 4*b - 3628 = 3*j, -2738 = -0*b - a*b - 2*j. Suppose 5*l + 150 = b. List the prime factors of l.
2, 19
Suppose 0 = 5*c - 260 - 510. List the prime factors of (-2)/(-11) - (-41090)/c.
3, 89
Let t(v) be the first derivative of -5*v**3/3 + 7*v + 20. Let j be t(5). What are the prime factors of 0 - -2 - (3 + -7 + j)?
2, 31
Let y be 30/(-8 + -2) + 5. Suppose -2*z + p + 1507 = 0, -7*p = 3*z - y*p - 2267. List the prime factors of z.
2, 13, 29
Suppose -3*t + 3*k = -9, 9 = -t - 3*k + 8*k. Suppose -t*s + 2676 + 2490 = 0. What are the prime factors of s?
3, 7, 41
Let f(c) = 2*c**3 - 53*c**2 - c - 43. Let j(s) = s**2 + 3*s + 23. Let r be j(-4). What are the prime factors of f(r)?
659
Let a = 6455 + -3360. List the prime factors of a.
5, 619
Suppose 4*x - 3*a = 44462, -4*x - x = 2*a - 55566. List the prime factors of x.
2, 5557
Let d be 1*2 - (19 - -242). Let f = d + 305. What are the prime factors of f?
2, 23
Let v(b) = -43*b + 771. List the prime factors of v(-40).
47, 53
Suppose -q - 3*w + 78 = 0, 0 = -4*q - 0*w - 3*w + 294. List the prime factors of (93/(-9))/((-2)/q).
2, 3, 31
Let w(t) = t**2 + 534*t + 23607. List the prime factors of w(0).
3, 43, 61
Suppose -3*m + 946 = -3*p + 322, 0 = 4*m - 5*p - 828. Let r = -436 + m. Let x = -67 - r. What are the prime factors of x?
157
Let i(n) = 800*n + 3755. List the prime factors of i(31).
5, 5711
Let j be (132/(-165))/(4/(-4650)). Let n = 1344 - j. What are the prime factors of n?
2, 3, 23
Let z(j) be the second derivative of -j**5/20 + 17*j**4/12 - 7*j**3/3 + 5*j**2 + 2*j - 52. List the prime factors of z(8).
2, 3, 79
Let z(u) = 4*u**3 - u - 1. Let i be -129*1*3/9. Let p = i + 46. List the prime factors of z(p).
2, 13
Let u = -30405 - -49262. What are the prime factors of u?
109, 173
Let f = 242 - 460. Let n = f - -399. List the prime factors of n.
181
Let b = 3328 - 22322. List the prime factors of b/(-30) - 8/60.
3, 211
Let u be ((-11056)/(-12) - 4/(-6)) + 0. Suppose -968 - u = -5*b. What are the prime factors of b?
2, 3, 7
Suppose 0*c + 3*c + 2*l = 15, 4*c + l = 25. Suppose c = 5*m - 23. Suppose -m*n + 32 = -4*n. What are the prime factors of n?
2
Suppose 10*g - 103676 = -2996. List the prime factors of g.
2, 3, 839
Let f(m) = -3*m**2 - 20*m - 26. Let x(t) = t**3 + 3*t**2 + 18*t + 25. Let n(q) = -3*f(q) - 4*x(q). List the prime factors of n(-4).
2, 3, 13
Suppose 10*v = 17*v - 49. Suppose -3*d = -5*t + 3055, v*d - 1222 = -2*t + 10*d. List the prime factors of t.
13, 47
Suppose 117 = -2*l + 411. Suppose -2*w + 1175 = 4*j + l, -3*w + 1542 = -2*j. What are the prime factors of w?
2, 257
Suppose -50 + 180 = 10*q. Suppose -q*s - 2127 + 5637 = 0. List the prime factors of s.
2, 3, 5
List the prime factors of 4*1 + 14126 + -6 + -3.
3, 523
Let g(a) = a**2 + 8*a + 276. List the prime factors of g(52).
2, 3, 283
Let p(g) = 594*g - 302*g - 13 - 308*g. What are the prime factors of p(-5)?
67
Suppose 9*x = -2*x - 2*x. Let j(s) = 24*s + 1491. List the prime factors of j(x).
3, 7, 71
Let t(x) = -x**3 + 4*x**2 - 4*x + 3. Let y be t(3). Let z be -6 + (-5 - -243) + (7 - 3). Suppose 6*g + 26 - z = y. What are the prime factors of g?
5, 7
Suppose 618*j - 617*j + 3 = 0, 4*j = 3*w - 32499. What are the prime factors of w?
7, 13, 17
Suppose 0*g + 3*g - 48 = 0. Suppose 0 = -11*j + g*j - z - 2673, j - 2*z = 540. What are the prime factors of j?
2, 3, 89
Let n(a) = 221*a + 55. Let t be n(-3). Let p = 734 + t. List the prime factors of p.
2, 3, 7
Suppose -14*s - 252 = -32*s. Let z(c) = 58*c - 96. List the prime factors of z(s).
2, 179
Let m(y) = 955*y**2 + 330*y + 13. List the prime factors of m(3).
2, 4799
Suppose -2*h - 4*n - 352 = 0, 2*n - 463 + 111 = 2*h. Let v = h + 275. List the prime factors of v.
3, 11
Suppose -4*k = 76 - 36. What are the prime factors of 3/5 + (-15604)/k?
7, 223
Let s(t) = 2*t - 14*t**2 + 79*t**3 - 2*t - 4 + t - 78*t**3. List the prime factors of s(14).
2, 5
Let h(v) = -v**2 - 7*v - 12. Let j be h(-4). Suppose j = 109*g - 108*g - 201. What are the prime factors of g?
3, 67
Suppose -92*i + 108*i = 139760. List the prime factors of i.
5, 1747
Let v(c) = -2559*c + 2701. What are the prime factors of v(-10)?
19, 1489
Suppose 28*a = 29*a - 193. Suppose 0 = 3*d - 137 - a. Let k = d + -85. List the prime factors of k.
5
Let z(h) = -296*h - 422. What are the prime factors of z(-27)?
2, 5, 757
What are the prime factors of 1 + 3823 + (-16)/4?
2, 5, 191
Let v(h) = 6*h**3 + h**2 - h. Let n be v(1). Suppose -n*f + f + 10 = 0. What are the prime factors of f + 111 + 2 - (3 - 1)?
113
Let r be 210/(((-68)/(-10))/17). Suppose 325 = -f - 5*s, s - 4 = 1. Let h = r + f. List the prime factors of h.
5, 7
Suppose -2*a = -0*n + 4*n - 13116, -5*a = 4*n - 13122. List the prime factors of n.
2, 11, 149
Let p = -121 - 88. Let d = 70 - p. Suppose 0 = -3*z - 3, 0*z + z = -4*f + d. List the prime factors of f.
2, 5, 7
Let t(x) = -769*x**3 - 6*x**2 - 18*x - 12. List the prime factors of t(-2).
2, 769
Suppose -3*l + 5*t - 2046 - 1797 = 0, 0 = -t + 3. What are the prime factors of (1/2)/((-2)/l)?
11, 29
Let c(q) = -3 + 17 + 0*q - 6*q - 3*q. Let r be c(6). Let m = r - -83. List the prime factors of m.
43
Suppose 4*w = 5*q - 4565, 140*q - 5*w - 4570 = 135*q. What are the prime factors of q?
3, 101
Let a be 1 + (-12 - 1271 - (1 - -1)). Let h = -607 - a. List the prime factors of h.
677
Let r(u) = -2*u**3 - 23*u**2 - 46*u + 15. Let j = -526 + 514. What are the prime factors of r(j)?
3, 79
Let o = -6266 - -9685. List the prime factors of o.
13, 263
Suppose -8*p - 6*p = -72800. Suppose 7*g + 6*g - p = 0. What are the prime factors of g?
2, 5
Suppose 13*l - 32*l + 399 = 0. What are the prime factors of 14497/l + (-32)/(-12) + -2?
691
Let n(m) = -100*m - 1697. List the prime factors of n(-78).
17, 359
Let a(o) be the third derivative of 1/2*o**3 + 0*o + 7/30*o**5 + 0 - 29*o**2 + 1/12*o**4. List the prime factors of a(-3).
3, 41
List the prime factors of 3 + (628/6)/(3/117).
5, 19, 43
Suppose 1734776 = c + 205*c + 198*c. What are the prime factors of c?
2, 19, 113
Let k(u) = 12*u + 9. Let z(f) = -22*f + 1 - 17*f + 38*f. Let x(a) = k(a) + 3*z(a). List the prime factors of x(6).
2, 3, 11
Let k be 9*-1 + 16 + -15. Let n(o) = o**3 + 15*o**2 - 30*o. What are the prime factors of n(k)?
2, 43
Let f(q) = 7*q**2 - 5*q - 14. Let w be f(-15). Suppose -g - 3*y = -241 - w, 1878 = g + 4*y. What are the prime factors of g?
2, 937
Let y = 2079 + -476. Let k = -1105 + y. List the prime factors of k.
2, 3, 83
Let n = 576 - 1105. Let j = n - -905. Suppose 5*v = -4*r + 2*v + j, -v = 2*r - 188. List the prime factors of r.
2, 47
Let x be -3 - -7 - (-1 + -3)/(-2). Let u(z) = -28*z**2 + z - 7 + 50*z**x - 3*z**2. What are the prime factors of u(2)?
71
Suppose 23654 + 7347 = 2*f - 3*k, -f - 5*k + 15494 = 0. What are the prime factors of f?
11, 1409
Let n = 353 - 83. Let y = 578 - n. List the prime factors of y.
2, 7, 11
Let x = 212 - 762. Let o = x - -1168. What are the prime factors of o?
2, 3, 103
Suppose 5*b = 8 + 17. Let w be (-112)/20*b/(-1). List the prime factors of w - 4/2*-2.
2
Suppose -2*v + 5*l - 4 = v, 8 = 3*v + l. Suppose 0 = -v*u + 3*u. Suppose -5*q + w + 386 - 41 = 0, u = 2*q + 3*w - 155. List the prime factors of q.
2, 5, 7
Let c = 7009 - 6167. What are the prime factors of c?
2, 421
Suppose 11*g - 7*g = -1028. Let f = -112 - g. List the prime factors of f.
5, 29
Suppose -q + 2*z = -790, -3*q + 0*z + 2382 = -3*z. Let f be 4/(-6) 